*3 - 5*j**2 + 9*j + 27. Let w(q) = 3*q**3 - 10*q**2 + 19*q + 53. Let m(a) = 5*d(a) - 2*w(a). Let u be m(-5). Let g(h) = 2*h + 9. Calculate g(u).
-3
Let y(s) = s**3 - s**2 - 5*s + 2. Let f be (1 + 0)/((-1)/4). Let q be f/(-5) + (-33)/(-15). Calculate y(q).
5
Let i(o) = -2*o**3 - 2*o**2 - 6*o + 1. Let g(w) = w**3 + 3*w**2 + 7*w - 1. Let l(m) = -4*g(m) - 5*i(m). Give l(1).
5
Let r(d) = -8*d**2 + 192*d + 4. Let u be r(24). Let y(c) be the third derivative of -5*c**2 - 2/3*c**3 + 0*c - 1/60*c**5 + 1/3*c**u + 0. Give y(4).
12
Suppose 32 = 21*w - 73. Let j(g) = 2*g - 5*g + 2*g + 2. Give j(w).
-3
Let d(j) = -j**2 - 8*j - 3. Suppose -40 = -38*k + 46*k. Determine d(k).
12
Let f(d) = 4*d**3 + 6*d**2 + d + 8. Let z(s) = -9*s**3 - 11*s**2 - 2*s - 17. Let t(r) = 7*f(r) + 3*z(r). Calculate t(-9).
-4
Let a(i) = 3*i - 18. Let j be 24 + -16 - (0/(-1))/1. Give a(j).
6
Let j(p) = -p**3 - 7*p**2 + 4*p + 17. Let l(v) = -77*v - 315. Let r be l(-4). Give j(r).
-11
Let s be (-270)/(13 - -2)*2/(-3). Let b(n) = -3*n + 16. Determine b(s).
-20
Let k(s) = -s**2 + 2*s - 2. Let w be k(2). Let r be 2/6 + w/6. Let m(i) = -30*i - 1064*i**2 + 1065*i**2 + 29*i. Calculate m(r).
0
Let r(g) = -g**3 - 4*g**2 - 3*g - 7. Let z = 949 - 952. Calculate r(z).
-7
Suppose 26 = 3*u - 5*o, -2*u - 19 + 3 = 5*o. Let m(k) = -70*k + u + 30*k + 31*k. What is m(-2)?
20
Let q(k) = k**3 + 6*k**2 - 11*k - 5. Suppose 58*n - 65*n - 49 = 0. What is q(n)?
23
Suppose -4*f - 2*y = -18, 21*y + 6 = 2*f + 19*y. Let l(m) = -m**3 + 4*m**2 - m. Determine l(f).
-4
Let o = -471 - -474. Let p(j) be the first derivative of -j**4/4 + 5*j**3/3 - j**2 - j - 1. Determine p(o).
11
Suppose 2*f - 14 = 3*l, f - 3*l = -0*l + 13. Let r(m) = -1 - 8*m**2 - 335*m + 336*m + 1. Calculate r(f).
-7
Let w(u) = 16*u - 1. Suppose -106 = h - 105. Give w(h).
-17
Let s(i) be the first derivative of i**2/2 - 21*i - 256. What is s(12)?
-9
Let r(u) be the third derivative of 0 - 21*u**2 + 0*u + 1/6*u**3 + 0*u**4 + 1/10*u**5. Determine r(-1).
7
Let v(i) = 8*i**3 - i. Let u be v(1). Let c(a) = -20*a**2 + 4*a - 1. Let x(j) = -7*j**2 + j. Let s(y) = -6*c(y) + 17*x(y). What is s(u)?
6
Let r(i) = -3*i - 17. Let g(b) = -3*b - 21. Let n(z) = -5*g(z) + 6*r(z). Determine n(6).
-15
Let f = 589 + -589. Let x(c) be the second derivative of 7*c + 1/6*c**4 + f*c**2 + 0 + 1/6*c**3. Determine x(1).
3
Let d = -6 - -9. Suppose 0 = -4*u - 0 + 8. Let q(f) = -1 - f - d - 4*f + f**2 + 0*f**u. What is q(6)?
2
Let m(c) be the second derivative of c**6/120 + c**5/10 + 7*c**4/24 + 5*c**3/6 - 11*c**2/2 - 11*c. Let l(x) be the first derivative of m(x). Give l(-5).
-5
Let x(p) = 7*p + 3. Let a(n) = 4*n + 1. Let c(s) = s**3 - 8*s**2 + s - 5. Let o be c(8). Let w(m) = o*x(m) - 5*a(m). Calculate w(-6).
-2
Let o(c) = 3 - 2 + 6 + 3 - 4*c - 3 + c**2. Determine o(2).
3
Let d(l) = l**2 + 15 + 13 + 0*l**2 + 0*l + l - 5. Determine d(0).
23
Let j(g) be the third derivative of g**5/60 - 7*g**3/3 - 2*g**2. Let u = -36 - -57. Let a = u + -21. Determine j(a).
-14
Let u(j) = 4*j - 5. Let k = 105 + -97. Give u(k).
27
Let b(a) = -6*a - 1. Let k(i) = -5*i - 1. Let w(u) = 4*b(u) - 5*k(u). Give w(-8).
-7
Let n be (-11)/4 - (-18)/24. Let t(i) = -4 - 3 + 7 + i + i**2. Give t(n).
2
Let k = -2923/12 - -977/4. Let m(g) be the third derivative of -1/60*g**5 + k*g**3 + 0 + 8*g**2 + 1/4*g**4 + 0*g. Give m(6).
4
Let p(u) be the third derivative of -2*u**5/15 + u**4/24 - 5*u**2 + 15*u. What is p(1)?
-7
Let c(n) = n**3 - 18*n**2 - 11*n + 22. Let r(f) = f**3 - f**2 + f. Let a(y) = c(y) - 2*r(y). Determine a(-15).
-8
Let u(t) be the first derivative of t**7/840 + t**6/90 - t**5/30 - t**4/6 + 2*t**3 - 27. Let v(j) be the third derivative of u(j). Determine v(-5).
-9
Suppose 2 = -2*o + 12. Let f(y) = 6*y**2 - 13*y - 1. Let x(w) = -5*w**2 + 12*w + 1. Let g(m) = o*x(m) + 4*f(m). Calculate g(8).
1
Let s(g) = 2*g - 9. Suppose y + 271 = 2*n, 11*n + 4*y = 7*n + 512. Suppose -137*h + n*h + 24 = 0. Calculate s(h).
3
Let g(t) = -t**3 + 9*t**2 - 8*t + 3. Let j be g(8). Let c(q) = q + 1. What is c(j)?
4
Suppose 0 = 4*s + 2*i + 6, -5*i = 4*s - 10*i - 1. Let l(v) = 9*v**3 - v**2. Give l(s).
-10
Let t(i) be the third derivative of 7*i**6/120 - 7*i**5/60 - i**3/2 + 8*i**2. Let h(m) = -4*m**3 + 4*m**2 + 2. Let n(w) = 5*h(w) + 3*t(w). What is n(1)?
1
Let b(p) be the third derivative of p**5/5 - p**4/24 - 2*p**2. Let j(f) = 5*f - 1. Let l(t) = 6*t - 2. Let n(g) = 7*j(g) - 6*l(g). Let o be n(4). What is b(o)?
11
Suppose 5*l - 2 = 8. Suppose 4*d + 30 = -2*k, -12 = 4*k - 2*d - l*d. Let x(j) = -j**3 - 6*j**2 + 8*j - 2. What is x(k)?
-9
Suppose 200*l - 181*l + 114 = 0. Let r(w) = 5*w + 30. Calculate r(l).
0
Let p(m) = 31*m**2 - 3*m - 17. Let r(f) = -11*f**2 + f + 6. Let t(x) = -6*p(x) - 17*r(x). Determine t(-4).
12
Let w(a) = -2*a - 2. Let o(s) be the third derivative of -s**6/120 - s**3/3 + 2*s**2. Let i be o(0). Give w(i).
2
Let l(c) be the first derivative of -2*c**3/3 + 3*c**2/2 + 3*c - 136. Calculate l(3).
-6
Suppose -3*m - 3*g = 0, 2 = -m + 4*m + 2*g. Let f(c) = 4*c - c - 2*c - 2. Let n(d) = 1. Let t(o) = m*n(o) + 2*f(o). Calculate t(-2).
-6
Suppose 3*r + 5 = -c, 4*c + 7*r + 20 = 4*r. Let f(v) be the first derivative of v**2/2 + 4*v - 10. Calculate f(c).
-1
Let g(z) = z**2 - 8*z. Let q(u) be the first derivative of -u**2/2 - 139. Let b be (-4)/14 + 19/(-7). Let f(j) = b*q(j) + g(j). Calculate f(4).
-4
Suppose 24*o - 27*o = 3*u + 24, o - u = 0. Let z(i) = 3*i**3 - 5*i**2 - i. Let v(p) = p**3 + 1. Let t(j) = -4*v(j) + z(j). Give t(o).
-16
Let s(k) = 3*k**2. Let d be s(-1). Let m(j) = d + j - 2 + 2*j. Let x be (3 - -3)/(-2) - (-5 + 5). Determine m(x).
-8
Let i(a) be the first derivative of a**3/3 + 4*a**2 + 3*a - 93. Give i(-11).
36
Let w(l) = 1 - 50*l**2 + 6*l + 48*l**2 + l - 10*l. What is w(-3)?
-8
Suppose -2*z - 4*f = 26, -3*f - 3 - 3 = 0. Let b(y) = y**3 + 9*y**2 - y - 9. What is b(z)?
0
Let n be 2/12 - (-20)/24. Let v(m) = -6*m**2 - 1. Give v(n).
-7
Let q(d) = d**2 + 7*d + 3. Let a(l) = 5*l**2 - 18*l + 3. Let u be a(3). Calculate q(u).
-3
Let m be 309/4 - 13/52. Let s = m + -71. Let h(j) = -j**2 + 4*j + 4. Calculate h(s).
-8
Let a(x) = 9*x**3 - 3*x**2 - 7*x - 5. Let w(g) = -5*g**3 + g**2 + 3*g + 3. Let u = -91 + 84. Let v(c) = u*w(c) - 4*a(c). Calculate v(6).
5
Let o be (-32)/6 - 4/6. Let j(t) = -13*t - t**2 - 4 - 14*t + 2*t**2 + 29*t. Determine j(o).
20
Let o(g) = -g**3 - 6*g**2 - 5*g - 1. Let h(u) = u**3 + 7*u**2 + 6*u + 2. Let d(v) = 3*h(v) + 4*o(v). Calculate d(-2).
2
Let z(l) = -8*l**2. Suppose -5*y + 5 = 10. What is z(y)?
-8
Suppose 3*n + 6 = q, 5*q = 4*n + q + 16. Let m(j) = 22*j**2 + 1. Give m(n).
23
Let j = -40 - -45. Let x(b) = -107*b + j + 50*b + 58*b. What is x(-5)?
0
Let x(y) = -36*y - 1. Let r = -112 - -111. Determine x(r).
35
Let d be (2 - 5)/(-4 - -5). Let s be (12/(-9))/(d/9). Let p be 3/9 + s/(-3). Let w(x) = x**2 + 2*x + 1. Determine w(p).
0
Let t(b) = -5*b**2 + 1 - b - 4 + 6*b - b. Give t(2).
-15
Let i be ((-4)/(-1) - 2 - -1) + 4. Suppose -i*m + 5*y + 35 = -2*m, -5*y = -m + 11. Let o(g) = -g**2 + 4*g + 1. Determine o(m).
-11
Let h(d) = d + 1. Let i(a) = a**3 - 16*a**2 + 15*a + 5. Let u be i(15). What is h(u)?
6
Let z(k) = -k**3 - k**2 - k - 1. Let j be z(0). Suppose 2*t - 4*t - 41 = -5*q, -3*q = 5*t - 6. Let y(h) = 2*h + 14*h - q*h. Determine y(j).
-9
Let i(j) = 2 - 72*j + 223*j + 0 - 79*j - 71*j. Give i(-7).
-5
Let p be -2*15/(-3) - 6. Let f(g) be the third derivative of -g**5/60 + g**4/8 - g**3/6 + g**2. What is f(p)?
-5
Let n(x) = -1 + 0*x + 2*x - 2*x**2 + x**2. Let y(d) = -6*d - 118. Let i be y(-20). Give n(i).
-1
Let q = -57 + 61. Suppose b + 3*x = 5*x - 6, q*b - 24 = -4*x. Let u(l) = 8*l - 3. Let a(d) = 12*d - 5. Let h(r) = -5*a(r) + 8*u(r). Calculate h(b).
9
Let y(k) = -4 + 4 + 4*k - k**2 + 5. Suppose l - 8*l + 28 = 0. Determine y(l).
5
Let w(a) = a**3 - 9*a**2 - 10*a - 7. Let s(h) = h**2 + 3*h - 23. Let p be s(-10). Suppose 5*u = -5*y + u + 54, -5*y + 3*u + p = 0. Give w(y).
-7
Let t = 74 - 80. Let r(g) = -4*g - 9. What is r(t)?
15
Let v(j) = -j - 4. Let s be 5 + (-110)/(-33)*(-24)/5. Calculate v(s).
7
Let u(j) = j**3 - 1. Let d(o) = -2*o**3 + 2*o**2 - 3*o - 1. Let z be (-5 - -22) + 4*1. Let i = z + -18. Let w(a) = i*u(a) + d(a). What is w(-3)?
-4
Let z be 3488/144 - (-4)/(-18). Let x = 3 +